st the prime factors of v.
19
Suppose -17142 = 1894*l - 1900*l. What are the prime factors of l?
2857
What are the prime factors of (-220)/(-165)*282/4?
2, 47
List the prime factors of (-15184)/(-22) - (-20)/1210*-11.
2, 3, 5, 23
Let v = 1 + 1. Let x be 244/v + -6 + 2. Suppose 3*q + 13 = x. List the prime factors of q.
5, 7
Let j be 110/25 + 4/(-10). Suppose -5*r - 3*w = 608, -j*w = -r - 43 - 97. List the prime factors of r/(-6) - 1/(-3).
3, 7
Let v(f) = -4*f**2 + f - 1. Let g be v(3). Let s = -176 + 229. Let i = g + s. What are the prime factors of i?
19
Let a(b) = -b**3 + 5*b**2 - 9*b + 7. Let q be a(3). Let f(h) = 14*h**2 + 1. List the prime factors of f(q).
3, 19
Suppose 2000 = 26*y + 232. List the prime factors of y.
2, 17
Suppose 2*h - b = 2, 3*h - 16 = -b - 4*b. Let v(x) = 5 + 6*x + h - 11. List the prime factors of v(3).
2, 7
Let c be (-2 + 3/6)/((-3)/8). Suppose -c*z = -7*z + 405. List the prime factors of z.
3, 5
Suppose 0 = -7*x - 3*x - 1940. What are the prime factors of (-6)/6 - -1 - (x + 0)?
2, 97
Let f be 168/(-98)*(-217)/2. Suppose 3*c + f = 4*c. Let a = c + -122. What are the prime factors of a?
2
Suppose -25*k + 10*k + 5700 = 0. List the prime factors of k.
2, 5, 19
Let d(m) = 20*m**2 + 2*m + 8. What are the prime factors of d(4)?
2, 3, 7
Suppose h + 70 = 6*h. Suppose 0 = -k - 4*d - 25 + 11, -3*k = -2*d - h. What are the prime factors of ((-16)/4 - -28) + k?
2, 13
Let u = -19 - -8. Let p(c) = c**2 + 11*c + 5. Let l be p(u). Suppose -l*y = -2*j - 50, 5*y - 2*y - 30 = -3*j. What are the prime factors of y?
2, 5
Suppose -5*p + 2*x - 28 = 0, 2*p + 2*x = -2*x - 16. Let u(h) = 3*h**2 - 10. Let b be u(p). Let z = b + -43. What are the prime factors of z?
5, 11
Let u(y) = -3*y - 8. Let p be u(-8). Let n be 16/(-72) - (-346)/18. Let b = p + n. What are the prime factors of b?
5, 7
Suppose 11*y = 8*y. Suppose 0 = -0*o + 4*o + 4*d - 28, y = o - 4*d - 2. Let n(g) = -g**2 + 8*g - 7. What are the prime factors of n(o)?
5
Suppose 3*a = 2 + 1. Let k(s) = 12*s**2 + s. Let x be k(a). Suppose m + m - x = c, -5*m + 5*c + 35 = 0. List the prime factors of m.
2, 3
Let y be 1*-4*(-5 + 2). Suppose 2*q + y = 5*w, 4*q = -w + 6 + 14. Suppose 6*l - w*l = 26. List the prime factors of l.
13
Let v(c) = 16*c - 127. What are the prime factors of v(15)?
113
List the prime factors of 22/55*11695/2.
2339
Let t = 18 + 0. Let q = t + -17. List the prime factors of 570/20 + q/(-2).
2, 7
Let r(z) = 20*z**2 - 140*z - 28. What are the prime factors of r(-12)?
2, 11, 103
Suppose 100*h + 4396 = 104*h. What are the prime factors of h?
7, 157
What are the prime factors of 21*31 - (-12 - -15)?
2, 3
Suppose -d - 8430 = -0*s - 4*s, 6320 = 3*s - 2*d. What are the prime factors of s?
2, 17, 31
List the prime factors of -4 + 45/20*4 - -16.
3, 7
Suppose -3*d + u = -3*u - 12, -4*d - 5*u - 15 = 0. Suppose d = 5*a - 2*a - 9. Suppose 2*c - 12 = -3*b, -a*c = -b + 3*b - 8. List the prime factors of b.
2
Let g(i) = -41*i - 12. Let w(f) = -1. Let n(r) = g(r) + 2*w(r). What are the prime factors of n(-3)?
109
Let v(i) = 6*i + 57. Let m be v(-9). What are the prime factors of -1 + (m - (-835)/5)?
13
Let h be 136 - 2 - (-4)/(-2). Suppose -2*y - 4*y + h = 0. Suppose 5*x - 7*x + y = 0. What are the prime factors of x?
11
Let g be (-4)/(-2) + 2/1. Let d be 6/(-15) + g/10. Suppose d = -5*h + 3*h + 8. List the prime factors of h.
2
Let f(y) = 40*y**2 - 13*y - 14. List the prime factors of f(11).
3, 7, 223
Let l = -159 + 196. What are the prime factors of l?
37
Let g(l) = -1. Let i(z) = -122*z + 19. Let n(p) = 5*g(p) + i(p). List the prime factors of n(-2).
2, 3, 43
Suppose 7*g + 604 = 2732. What are the prime factors of g?
2, 19
Let k be 4/6*(2 - -1). Suppose 3*d - 174 = 4*t, d + 5*t = -k + 41. What are the prime factors of d?
2, 3
Let w(d) = d**3 - 2*d**2 - d - 3. Let a be w(3). Let x be 7 - (-2 - -3)*3. Suppose x*k - 49 = -a*p + 97, 3*p - 32 = -k. List the prime factors of k.
2, 19
Let c(h) = h**2 - h + 2*h + 40 + 37 - 75. Suppose 0 = 2*v + 4*j - 2, 3*v + 0*v + 30 = 5*j. What are the prime factors of c(v)?
2, 11
Let s(q) = q**2 + 23*q - 110. List the prime factors of s(-30).
2, 5
Suppose 11*i = -5*i + 64. Suppose 155 = i*v - a, -2*a + 184 = -v + 6*v. List the prime factors of v.
2, 19
What are the prime factors of (-2595)/(-2) - (-18)/(-36)?
1297
Suppose 2*n = 2*d + d + 13, -18 = 4*d - 3*n. Suppose -a = 3*m - m + 6, -2*m - 16 = -4*a. What are the prime factors of m/(-36)*d*-54?
2, 3
Suppose 0 = -57*y + 54*y + 7539. List the prime factors of y.
7, 359
Let h = -739 + 1870. What are the prime factors of h?
3, 13, 29
What are the prime factors of ((-6 - (-36)/6) + -2)*-553?
2, 7, 79
Let t = 104 - 104. Suppose t = -7*f + 1171 - 37. List the prime factors of f.
2, 3
Suppose 8385 = 15*y - 10*y. What are the prime factors of y?
3, 13, 43
Let s(y) = -y**3 - 11*y**2 - y + 1. Suppose -4*i + 4 = 12. Let n = i - 9. What are the prime factors of s(n)?
2, 3
Let f(a) = -1539*a**3 - 5*a**2 + 3. List the prime factors of f(-1).
29, 53
Suppose 3*g = -2*n + 1572, 4*g + 310 = 2*n - 1262. What are the prime factors of n?
2, 3, 131
Suppose -866 + 114 = -2*y - 2*x, 3*y - 1138 = -5*x. List the prime factors of y.
7, 53
Suppose 2*d = -5*j + 37, 2*d = -2*d + 5*j - 1. Suppose 4*k + 12 = d*k. Suppose -3*f + 48 = k. What are the prime factors of f?
2, 7
Suppose -4*y + 7 = -t - 4, 0 = 2*t + 6. Suppose 5*b - k - 881 = k, 4*b + y*k = 712. What are the prime factors of b?
3, 59
Let s(j) = 21*j**2 + 19*j + 53. List the prime factors of s(-3).
5, 37
Suppose -681 = -8*w + 1439. List the prime factors of w.
5, 53
What are the prime factors of -4 + 3*(-3)/(9/(-506))?
2, 251
Suppose -p + 236 = 3*t + 42, 20 = 5*t. Suppose -k - 6*k = -p. What are the prime factors of k?
2, 13
Let w = -79 - -122. Let y = 61 - w. What are the prime factors of y?
2, 3
Let m = 125 - 125. Suppose -5*d - 4*k + 1056 = m, 0*k = k + 1. List the prime factors of d.
2, 53
Suppose -4*d - 110 = d. What are the prime factors of (-1316)/d + 34/187?
2, 3, 5
Suppose -4901 - 3433 = -3*c. List the prime factors of c.
2, 3, 463
Let a(d) = -3*d - 4. Let u(i) = -i + 6. Let b be u(10). Let w be a(b). Let z = -6 + w. What are the prime factors of z?
2
Let l(f) = 292*f**2 + 4*f + 2. List the prime factors of l(-1).
2, 5, 29
Suppose u - 2*u = 4. Let q = u - -15. What are the prime factors of q?
11
Suppose d + i + 5 = 3*d, -4*d = 2*i - 14. Suppose 2*o = -0*o + 2*x, d*o = 2*x + 2. List the prime factors of o.
2
Let d(a) = a**2 - 61*a + 8. What are the prime factors of d(-3)?
2, 5
Let v(j) = 0*j**3 + 2*j**2 - 2*j + 10*j**2 + 1 - 9*j**2 - 2*j**2 + j**3. Let a(l) = -l**2 + 5*l + 4. Let f be a(5). What are the prime factors of v(f)?
73
Let b = -14 - -20. Let f be (32/24)/(b/(-81)). List the prime factors of 460/24 - (-3)/f.
19
Let t = -539 - -614. What are the prime factors of t?
3, 5
Suppose 2628 = -19*z + 27651. List the prime factors of z.
3, 439
Let v = 174 + 200. List the prime factors of v.
2, 11, 17
Let n be 85/(-15)*(2 + -5). Suppose n = 2*p - 51. What are the prime factors of p?
2, 17
Let l = -165 - -166. What are the prime factors of (-4)/(20/(-24) - l/(-2))?
2, 3
Suppose -135 = -3*m + 1587. Suppose 4*b + 408 - 121 = x, 2*x = 4*b + m. What are the prime factors of x?
7, 41
Suppose -37*q - 2120 = -39*q - 2*t, 5*q = -4*t + 5296. What are the prime factors of q?
2, 3, 11
Let c(y) = 11*y**2 - 2*y + 83. List the prime factors of c(-10).
3, 401
Suppose 0 = -18*r + 52 + 2. Let o(a) = 5*a**3 + a. Let g be o(-1). Let m = r - g. What are the prime factors of m?
3
Suppose -3*y = m + 6, -2*y + 2 = -3*m - 5. Let i be ((-18)/(-27))/(y/(-3)). Suppose -2*k + 17 = 5*x - i, -3*k + 4*x + 86 = 0. What are the prime factors of k?
2, 11
Suppose 46 = -9*h + 433. List the prime factors of h.
43
Suppose -2489 = -t + 2*a, 3 = -3*a - 6. What are the prime factors of t?
13, 191
List the prime factors of ((-14)/56 - 497/(-4)) + -3.
11
Let u(m) = -m + m**3 - 3*m**3 - 12*m**2 - 3*m + 4. Let k = -32 + 26. What are the prime factors of u(k)?
2, 7
Suppose -2*m + 7*t = 4*t - 1039, -4*t + 2540 = 5*m. List the prime factors of m.
2
Let q(w) = 0*w - 6 + 2*w - w**3 - 5*w**2 + 5*w. Let p be q(-6). What are the prime factors of (-390)/(-8) - p/(-16)?
2, 3
Let i be -1*(4 - (1 + -35)). Suppose -124 - 41 = 3